{"id":336,"date":"2021-01-18T14:04:35","date_gmt":"2021-01-18T13:04:35","guid":{"rendered":"https:\/\/anarche.synology.me\/?page_id=336"},"modified":"2024-11-30T13:00:40","modified_gmt":"2024-11-30T12:00:40","slug":"mascarade-67","status":"publish","type":"page","link":"https:\/\/cedlabombe.fr\/?page_id=336","title":{"rendered":"Mascarade 67"},"content":{"rendered":"<div class=\"kvgmc6g5 cxmmr5t8 oygrvhab hcukyx3x c1et5uql ii04i59q\">\n<div dir=\"auto\">\n<h4 dir=\"auto\"><img loading=\"lazy\" class=\"alignleft size-thumbnail wp-image-344\" src=\"https:\/\/cedlabombe.fr\/wordpress\/wp-content\/uploads\/2021\/01\/masques-150x150.jpg\" alt=\"\" width=\"150\" height=\"150\" srcset=\"https:\/\/cedlabombe.fr\/wp-content\/uploads\/2021\/01\/masques-150x150.jpg 150w, https:\/\/cedlabombe.fr\/wp-content\/uploads\/2021\/01\/masques-300x300.jpg 300w, https:\/\/cedlabombe.fr\/wp-content\/uploads\/2021\/01\/masques-100x100.jpg 100w, https:\/\/cedlabombe.fr\/wp-content\/uploads\/2021\/01\/masques.jpg 598w\" sizes=\"(max-width: 150px) 100vw, 150px\" \/>Pour la Sant\u00e9 de nos enfants. Contre le port du masque obligatoire \u00e0 l&rsquo;\u00e9cole.<\/h4>\n<p><strong>Centralisation d&rsquo;informations relatives aux masques \u00e0 l&rsquo;\u00e9cole, leur inutilit\u00e9 et leur nocivit\u00e9.<\/strong><\/p>\n<div dir=\"auto\"><\/div>\n<div dir=\"auto\"><span style=\"color: #00ccff;\"><strong>Vous trouverez sur cette page :<\/strong><\/span><\/div>\n<div dir=\"auto\"><\/div>\n<\/div>\n<\/div>\n<div class=\"o9v6fnle cxmmr5t8 oygrvhab hcukyx3x c1et5uql ii04i59q\">\n<ul>\n<li dir=\"auto\">des articles parlant de la mobilisation de parents d&rsquo;\u00e9l\u00e8ves<\/li>\n<li>des articles sur les \u00e9tudes prouvant la nocivit\u00e9 des masques<\/li>\n<li>des documents juridiques \u00e0 destination du chef d&rsquo;\u00e9tablissement<\/li>\n<li dir=\"auto\">du mat\u00e9riel de communication pour agir autour de vous.<\/li>\n<\/ul>\n<h4 style=\"text-align: center;\"><em>Pour toutes les mises \u00e0 jour, consultez<\/em><br \/>\n<em><a href=\"https:\/\/www.facebook.com\/mascarade67\">la page Facebook de Mascarade 67<\/a><\/em><\/h4>\n<hr \/>\n<h3><span style=\"color: #00ccff;\">Articles dans les m\u00e9dias :<\/span><\/h3>\n<div class=\"rfb-article-spacing-m\">\n<ul>\n<li class=\"rfb-headline rfb-headline-style-content-page\"><em><a href=\"https:\/\/www.francebleu.fr\/infos\/societe\/dans-le-lot-deux-villages-prennent-des-arretes-contre-le-port-du-masque-pour-les-enfants-a-l-ecole-1604641733\" target=\"_blank\" rel=\"noopener noreferrer\">Dans le Lot, deux villages prennent des arr\u00eat\u00e9s contre le port du masque pour les enfants \u00e0 l&rsquo;\u00e9cole<\/a><\/em> (France Bleue 06\/11\/2020)<\/li>\n<li><a href=\"https:\/\/www.lci.fr\/population\/covid-19-un-collectif-d-avocats-depose-un-recours-devant-le-conseil-d-etat-contre-le-port-du-masque-des-6-ans-2170680.html\" target=\"_blank\" rel=\"noopener noreferrer\"><em>Un collectif d\u2019avocats d\u00e9pose un recours contre le port du masque d\u00e8s 6 ans<\/em><\/a> (LCI 20\/11\/2020)<\/li>\n<li class=\"nodeheader-title\"><a href=\"https:\/\/www.francebleu.fr\/infos\/societe\/dans-le-lot-deux-villages-prennent-des-arretes-contre-le-port-du-masque-pour-les-enfants-a-l-ecole-1604641733\" target=\"_blank\" rel=\"noopener noreferrer\"><em>Autriche : La cour supr\u00eame juge ill\u00e9gal le masque obligatoire \u00e0 l\u2019\u00e9cole et les cours en alternance<\/em><\/a> (23\/12\/2020)<\/li>\n<li class=\"rfb-headline rfb-headline-style-content-page\"><a style=\"font-size: 1rem;\" href=\"https:\/\/www.20minutes.fr\/societe\/2948307-20210109-coronavirus-pourquoi-faire-subir-tout-ca-parents-toujours-mobilises-contre-port-masque-ecole\" target=\"_blank\" rel=\"noopener noreferrer\"><em>Coronavirus : \u00ab Pourquoi leur faire subir tout \u00e7a ? \u00bb Des parents toujours mobilis\u00e9s contre le port du masque \u00e0 l\u2019\u00e9cole<\/em><\/a><span style=\"font-size: 1rem;\"><span style=\"font-size: 1rem;\"> (20min, 09\/01\/2021)<\/span><\/span><\/li>\n<li class=\"rfb-headline rfb-headline-style-content-page\"><a style=\"font-size: 1rem;\" href=\"https:\/\/francais.rt.com\/france\/82609-mobilisation-toulouse-conte-port-masque-ecole-covid-19\" target=\"_blank\" rel=\"noopener noreferrer\"><em>Mobilisation \u00e0 Toulouse contre le port du masque \u00e0 l\u2019\u00e9cole<\/em><\/a><span style=\"font-size: 1rem;\"> (RT 10\/01\/2021)<\/span><\/li>\n<\/ul>\n<\/div>\n<\/div>\n<hr \/>\n<h3><span style=\"color: #00ccff;\">Des \u00e9tudes commencent \u00e0 sortir :<\/span><\/h3>\n<h5><em>Premi\u00e8re grande \u00e9tude allemande importante sur les d\u00e9g\u00e2ts occasionn\u00e9s par le port du masque chez les enfants\u00a0<\/em><i class=\"fa fa-bookmark-o\"><\/i><\/h5>\n<p><em style=\"font-size: 15px; font-weight: 800;\"><img loading=\"lazy\" class=\"aligncenter size-full wp-image-346\" src=\"https:\/\/cedlabombe.fr\/wordpress\/wp-content\/uploads\/2021\/01\/masques-covid-danger-enfants-llp.png\" alt=\"\" width=\"847\" height=\"488\" srcset=\"https:\/\/cedlabombe.fr\/wp-content\/uploads\/2021\/01\/masques-covid-danger-enfants-llp.png 847w, https:\/\/cedlabombe.fr\/wp-content\/uploads\/2021\/01\/masques-covid-danger-enfants-llp-300x173.png 300w, https:\/\/cedlabombe.fr\/wp-content\/uploads\/2021\/01\/masques-covid-danger-enfants-llp-768x442.png 768w\" sizes=\"(max-width: 767px) 89vw, (max-width: 1000px) 54vw, (max-width: 1071px) 543px, 580px\" \/><\/em><\/p>\n<p>\u00ab\u00a0<a href=\"https:\/\/www.researchsquare.com\/article\/rs-124394\/v1\" target=\"_blank\" rel=\"noopener noreferrer\">Une grosse \u00e9tude<\/a> a \u00e9t\u00e9 r\u00e9alis\u00e9e en Allemagne, dirig\u00e9e par 363 m\u00e9decins sur plus de 25 000 enfants concernant les effets du port des masques \u00e0 l\u2019\u00e9cole pendant cette crise sanitaire. Le port quotidien moyen du masque est de 270 minutes, c\u2019est-\u00e0-dire 4h30. Les r\u00e9sultats sont catastrophiques comme vous pouvez le constater ci-dessous ou en cliquant sur le lien de la source pour avoir acc\u00e8s directement \u00e0 l\u2019article scientifique.<\/p>\n<p>Ce r\u00e9sultat est d\u2019autant plus catastrophique et incompr\u00e9hensible car nous savons aujourd\u2019hui que les enfants ne savent pas porter le masque, qu\u2019ils ne tombent m\u00eame pas malade et ne sont pas du tout contagieux. Du coup, on aimerait bien savoir pourquoi avoir impos\u00e9 le port du masque chez les \u00e9coliers !\u00a0\u00bb<\/p>\n<blockquote><p><strong>R\u00e9sultats : au<\/strong> 26 octobre 2020, le registre \u00e9tait utilis\u00e9 par 20 353 personnes. Dans cette publication, nous rapportons les r\u00e9sultats des parents, qui ont saisi des donn\u00e9es sur un total de 25 930 enfants. La dur\u00e9e moyenne de port du masque \u00e9tait de 270 minutes par jour. Les d\u00e9ficiences caus\u00e9es par le port du masque ont \u00e9t\u00e9 signal\u00e9es par 68% des parents. Celles-ci comprenaient l\u2019irritabilit\u00e9 (60%), les maux de t\u00eate (53%), la difficult\u00e9 \u00e0 se concentrer (50%), moins de bonheur (49%), la r\u00e9ticence \u00e0 aller \u00e0 l\u2019\u00e9cole\/\u00e0 la maternelle (44%), le malaise (42%) les troubles d\u2019apprentissage (38%) et somnolence ou fatigue (37%).<\/p><\/blockquote>\n<ul>\n<li>Page de l&rsquo;\u00e9tude : <a href=\"https:\/\/www.researchsquare.com\/article\/rs-124394\/v1\">Corona children studies \u00ab\u00a0Co-Ki\u00a0\u00bb: First results of a Germany-wide registry on mouth and nose covering (mask) in children | Research Square<\/a><\/li>\n<li><a href=\"https:\/\/www.lelibrepenseur.org\/premiere-grande-etude-allemande-importante-sur-les-degats-occasionnes-par-le-port-du-masque-chez-les-enfants\/\" target=\"_blank\" rel=\"noopener noreferrer\">Source de l&rsquo;article<\/a><\/li>\n<\/ul>\n<h5 class=\"entry-title\">Dossier complet sur la nocivit\u00e9 des valeurs de CO2 sous les masques, fourni par l\u2019ing. Dr Helmut Traindl, expert asserment\u00e9<\/h5>\n<p><img loading=\"lazy\" class=\"aligncenter size-full wp-image-358\" src=\"https:\/\/cedlabombe.fr\/wordpress\/wp-content\/uploads\/2021\/01\/etude-dioxyde-masques.png\" alt=\"\" width=\"776\" height=\"355\" srcset=\"https:\/\/cedlabombe.fr\/wp-content\/uploads\/2021\/01\/etude-dioxyde-masques.png 776w, https:\/\/cedlabombe.fr\/wp-content\/uploads\/2021\/01\/etude-dioxyde-masques-300x137.png 300w, https:\/\/cedlabombe.fr\/wp-content\/uploads\/2021\/01\/etude-dioxyde-masques-768x351.png 768w\" sizes=\"(max-width: 767px) 89vw, (max-width: 1000px) 54vw, (max-width: 1071px) 543px, 580px\" \/><\/p>\n<p>(&#8230;) \u00ab\u00a0Je vous rappelle que le Dr Helmut Traindl est un expert asserment\u00e9 et certifi\u00e9 par le tribunal allemand (<a href=\"https:\/\/sdgliste.justiz.gv.at\/edikte\/sv\/svliste.nsf\/a\/W155495?OpenDocument\" target=\"_blank\" rel=\"noopener noreferrer\">liste des experts judiciaires et des interpr\u00e8tes judiciaires<\/a>, minist\u00e8re f\u00e9d\u00e9ral de la Justice). Officier de s\u00e9curit\u00e9, il poss\u00e8de son propre cabinet de conseil et d\u2019expertise \u00e0 Vienne,\u00a0<a href=\"http:\/\/www.traindl-consult.at\/\" target=\"_blank\" rel=\"noopener noreferrer\">Traindl-consult<\/a>. Voici donc les effets du port du masque, r\u00e9sum\u00e9s d\u2019un point de vue m\u00e9dical par le Dr Franz Gradnig, de l\u2019Institut de recherche et d\u2019\u00e9ducation en sant\u00e9 holistique (<a href=\"https:\/\/seimensch.net\/\" target=\"_blank\" rel=\"noopener noreferrer\">Sei Mensch!<\/a>) :<\/p>\n<ol>\n<li>Vous respirez \u00e0 nouveau votre propre air expir\u00e9 ! (cela signifie que vous avez plus de dioxyde de carbone dans votre sang);<\/li>\n<li>Vous consommez moins d\u2019oxyg\u00e8ne que d\u2019habitude ! (l\u2019oxyg\u00e8ne est essentiel pour toutes les fonctions vitales du corps);<\/li>\n<li>Vos poumons ne sont plus \u00ab ventil\u00e9s \u00bb comme ils le devraient ! (cela favorise les maladies pulmonaires);<\/li>\n<li>Si le masque a \u00e9t\u00e9 port\u00e9 pendant plus d\u2019une demi-heure, il est contamin\u00e9 par des bact\u00e9ries;<\/li>\n<li>Le masque ne peut retenir les \u00ab virus \u00bb.<\/li>\n<\/ol>\n<h6>Vous pouvez consulter et t\u00e9l\u00e9charger ci-dessous le dossier complet sur la nocivit\u00e9 des valeurs de CO2 sous les masques (253 pages), fourni par l\u2019ing\u00e9nieur expert Dr Helmut Traindl. Le dossier est \u00e9crit en allemand, mais vous pouvez assez facilement le traduire en fran\u00e7ais en utilisant les services de Google ou d\u2019un autre traducteur en ligne.<br \/>\n<iframe loading=\"lazy\" id=\"scribd_475886544\" class=\"scribd_iframe_embed\" src=\"https:\/\/www.scribd.com\/embeds\/475886544\/content?start_page=1&amp;view_mode&amp;access_key=key-GGLZR6LhCTedVePADNJv\" width=\"100%\" height=\"500\" frameborder=\"0\" scrolling=\"no\" data-auto-height=\"true\" data-mce-fragment=\"1\"><\/iframe><\/h6>\n<div><a href=\"https:\/\/www.scribd.com\/doc\/475886544\" target=\"_blank\" rel=\"noopener noreferrer\">Afficher ce document sur Scribd<\/a><\/div>\n<div><\/div>\n<ul>\n<li><a href=\"https:\/\/guyboulianne.com\/2020\/09\/13\/jai-recu-le-dossier-complet-sur-la-nocivite-des-valeurs-de-co2-sous-les-masques-fourni-par-ling-dr-helmut-traindl-expert-assermente\/\" target=\"_blank\" rel=\"noopener noreferrer\"><strong>Source et suite de l&rsquo;article<\/strong><\/a><\/li>\n<\/ul>\n<hr \/>\n<h3><span style=\"color: #00ccff;\">Les <span style=\"font-size: 1.125rem;\">actions juridiques lanc\u00e9es par Ma\u00eetre Carlo Brussa<\/span><\/span><\/h3>\n<div class=\"o9v6fnle cxmmr5t8 oygrvhab hcukyx3x c1et5uql ii04i59q\">\n<p><span data-offset-key=\"1i466-0-0\">Ma\u00eetre Brussa a port\u00e9 plainte concernant le port du masque obligatoire, notamment par les enfants \u00e0 l&rsquo;\u00e9cole ; 1500 personnes sont associ\u00e9es \u00e0 cette plainte, dont de nombreux parents d&rsquo;\u00e9l\u00e8ves. (PDF consultable plus bas, y compris toutes les pi\u00e8ces du dossier). Dans <a href=\"https:\/\/www.youtube.com\/watch?v=GSKYQ-pUmIs\" target=\"_blank\" rel=\"noopener noreferrer\">une r\u00e9cente vid\u00e9o<\/a> il parle longuement de son action, et des t\u00e9moignages de m\u00e9decins et p\u00e9diatres contre le port du masque, ou de parents d&rsquo;\u00e9l\u00e8ves qui ont d\u00e9cid\u00e9 d&rsquo;amener leurs enfants non masqu\u00e9s \u00e0 l&rsquo;\u00e9cole :<\/span><\/p>\n<p>Extrait (\u00e0 7min 04) <strong><span style=\"color: #ff0000;\"><em>\u00ab\u00a0Bonjour Ma\u00eetre, ce mot pour vous dire que notre cabinet de p\u00e9diatrie et de psychologie p\u00e9diatrique est TOTALEMENT oppos\u00e9 au port du masque pour les enfants. Nous consid\u00e9rons que cette mesure aura des cons\u00e9quences somatiques et psychologiques sur les enfants \u00e0 plus ou moins long terme. Sachant qu&rsquo;il faut de plus se m\u00e9fier de la soit-disant acceptation et adaptabilit\u00e9 des enfants. En esp\u00e9rant que vous porterez notre voix pour faire cesser ce que nous consid\u00e9rons comme de la maltraitance.\u00a0\u00bb<\/em><\/span><\/strong><\/p>\n<h6 class=\"title style-scope ytd-video-primary-info-renderer\"><em>Une grande bataille en perspective !<\/em><\/h6>\n<p><iframe loading=\"lazy\" title=\"Une grande bataille en perspective ! RDV \u00e0 19 h 15\" width=\"525\" height=\"295\" src=\"https:\/\/www.youtube.com\/embed\/GSKYQ-pUmIs?feature=oembed\" frameborder=\"0\" allow=\"accelerometer; autoplay; clipboard-write; encrypted-media; gyroscope; picture-in-picture\" allowfullscreen><\/iframe><\/p>\n<ul>\n<li><span data-offset-key=\"1i466-2-0\">PDF de la plainte : &#8211; PDF de la plainte : <a href=\"https:\/\/drive.google.com\/file\/d\/1k8OXi7jzlA9ZNUTLkeTk1sDt90XosR2t\/\" target=\"_blank\" rel=\"noopener noreferrer\"><span class=\"py34i1dx\">https:\/\/drive.google.com\/file\/d\/1k8OXi7jzlA9ZNUTLkeTk1sDt90XosR2t\/<\/span><\/a><\/span><\/li>\n<li><span data-offset-key=\"1i466-2-0\">Pi\u00e8ces produite pour la plainte : <a href=\"https:\/\/drive.google.com\/drive\/folders\/11fpw87dg8BxhxBbz6utPFm5STcTljTO5\" target=\"_blank\" rel=\"noopener noreferrer\"><span class=\"py34i1dx\">https:\/\/drive.google.com\/drive\/folders\/11fpw87dg8BxhxBbz6utPFm5STcTljTO5<\/span><\/a><\/span><\/li>\n<\/ul>\n<p>&nbsp;<\/p>\n<\/div>\n<div class=\"o9v6fnle cxmmr5t8 oygrvhab hcukyx3x c1et5uql ii04i59q\">\n<div class=\"kvgmc6g5 cxmmr5t8 oygrvhab hcukyx3x c1et5uql ii04i59q\">\n<div dir=\"auto\">Documents PDF provenant du site de l&rsquo;association REACTION19 cr\u00e9e par l&rsquo;avocat Ma\u00eetre Carlo Brussa. Ils sont normalement accessibles moyennant une adh\u00e9sion \u00e0 son association : <a class=\"oajrlxb2 g5ia77u1 qu0x051f esr5mh6w e9989ue4 r7d6kgcz rq0escxv nhd2j8a9 nc684nl6 p7hjln8o kvgmc6g5 cxmmr5t8 oygrvhab hcukyx3x jb3vyjys rz4wbd8a qt6c0cv9 a8nywdso i1ao9s8h esuyzwwr f1sip0of lzcic4wl py34i1dx gpro0wi8\" tabindex=\"0\" role=\"link\" href=\"https:\/\/reaction19.fr\/?fbclid=IwAR0rx1xr5bZ7KRuAkEI0Nxw9XAY2gvnRyxSWbLldueN8-guuWS_mKKfu00c\" target=\"_blank\" rel=\"nofollow noopener noreferrer\">https:\/\/reaction19.fr<\/a><\/div>\n<\/div>\n<div class=\"o9v6fnle cxmmr5t8 oygrvhab hcukyx3x c1et5uql ii04i59q\">\n<div dir=\"auto\">Je vous propose ici ceux concernant les masques \u00e0 l&rsquo;\u00e9cole, \u00e9tant adh\u00e9rant, mais vous inviterai \u00e0 adh\u00e9rer si vous deviez en faire usage. Ils concernent des papiers juridiques \u00e0 imprimer pour aller discuter avec le directeur d&rsquo;\u00e9tablissement scolaire, si vous d\u00e9cidiez d&rsquo;amener votre enfant non masqu\u00e9 \u00e0 l&rsquo;\u00e9cole.<\/div>\n<\/div>\n<div class=\"o9v6fnle cxmmr5t8 oygrvhab hcukyx3x c1et5uql ii04i59q\">\n<ul>\n<li dir=\"auto\"><a href=\"https:\/\/anarche.synology.me\/wp-content\/uploads\/2021\/01\/Modele-de-mise-en-demeure-pour-exclusion-sans-certificat-medical.pdf?fbclid=IwAR3aTaSkltV-uXAzaRgwmjufdOlW_rgfveyhBY0XwQ8bjvhmfOKhok0sj1o\" target=\"_blank\" rel=\"noopener noreferrer\">MISE EN DEMEURE SUITE A EXCLUSION ILLEGALE POUR NON PORT DU MASQUE<\/a> (sans certificat m\u00e9dical)<\/li>\n<li dir=\"auto\"><a style=\"font-size: 1rem;\" href=\"https:\/\/anarche.synology.me\/wp-content\/uploads\/2021\/01\/AVIS-JURIDIQUE-ILLEGALITE-REFUS-ACCES-ELEVE-SANS-CERTIFICAT.pdf?fbclid=IwAR3AKwukuuEspdHfhXCVG4ThKJM4jYhdOTU0z0U-j7cIYaZ-2BEJxhiZquI\" target=\"_blank\" rel=\"noopener noreferrer\">Avis juridique ill\u00e9galit\u00e9 refus acc\u00e8s \u00e9l\u00e8ve sans certificat<\/a><\/li>\n<li dir=\"auto\"><a style=\"font-size: 1rem;\" href=\"https:\/\/anarche.synology.me\/wp-content\/uploads\/2021\/01\/Modele-de-mise-en-demeure-pour-exclusion-avec-certificat-medical.pdf\"><span style=\"font-size: 1rem;\">MISE EN DEMEUR SUITE A EXCLUSION ILLEGALE POUR NON PORT DU MASQUE <\/span><strong style=\"font-size: 1rem;\">JUSTIFIE PAR UN CERTIFICAT MEDICAL<\/strong><\/a><\/li>\n<li dir=\"auto\"><a href=\"https:\/\/anarche.synology.me\/wp-content\/uploads\/2021\/01\/AVIS-JURIDIQUE-ILLEGALITE-REFUS-ACCES-ELEVES-AVEC-CERTIFICAT-MEDICAL.pdf\">Avis juridique ill\u00e9galit\u00e9 refus acc\u00e8s \u00e9l\u00e8ve avec certificat<\/a><\/li>\n<li dir=\"auto\"><a style=\"font-size: 1rem;\" href=\"https:\/\/anarche.synology.me\/wp-content\/uploads\/2021\/01\/Attestation-chef-dEtablissement.pdf\" target=\"_blank\" rel=\"noopener noreferrer\">Attestation chef d\u2019Etablissement <\/a>(Document \u00e0 faire signer au chef d\u2019\u00e9tablissement de l\u2019\u00e9cole \u00e0 partir de la rentr\u00e9e des classes du 1er septembre 2020 \u00e0 la suite des r\u00e8gles \u00e9dict\u00e9es par le d\u00e9cret du 10 juillet 2020 sur le port du masque par les coll\u00e9giens et les lyc\u00e9ens, notamment dans son article 36 II 4\u00b0.)<\/li>\n<\/ul>\n<\/div>\n<hr \/>\n<h3><span style=\"color: #00ccff;\">Divers avis de m\u00e9decins :<\/span><\/h3>\n<ul>\n<li class=\"title style-scope ytd-video-primary-info-renderer\"><a href=\"https:\/\/www.youtube.com\/watch?v=JaouKGsPlNg\">\u00ab\u00a0Vous savez que ce mensonge va s&rsquo;effondrer\u00a0\u00bb Le Dr. Merritt sur les masques &#8211; YouTube<\/a><\/li>\n<li><a href=\"https:\/\/www.youtube.com\/watch?v=K1bfbl-QD-U\">Christian Perronne au D\u00e9fi de la v\u00e9rit\u00e9, le retour &#8211; YouTube<\/a>\n<div id=\"info\" class=\"style-scope ytd-video-primary-info-renderer\"><\/div>\n<hr \/>\n<\/li>\n<\/ul>\n<h3><span style=\"color: #00ccff;\">Mat\u00e9riel de communication pour agir autour de vous<\/span><\/h3>\n<div id='gallery-1' class='gallery galleryid-336 gallery-columns-2 gallery-size-large'><figure class='gallery-item'>\n\t\t\t<div class='gallery-icon portrait'>\n\t\t\t\t<a href='https:\/\/cedlabombe.fr\/wp-content\/uploads\/2021\/01\/A4-QRcode-scaled.jpg'><img width=\"525\" height=\"743\" src=\"https:\/\/cedlabombe.fr\/wp-content\/uploads\/2021\/01\/A4-QRcode-724x1024.jpg\" class=\"attachment-large size-large\" alt=\"\" loading=\"lazy\" srcset=\"https:\/\/cedlabombe.fr\/wp-content\/uploads\/2021\/01\/A4-QRcode-724x1024.jpg 724w, https:\/\/cedlabombe.fr\/wp-content\/uploads\/2021\/01\/A4-QRcode-212x300.jpg 212w, https:\/\/cedlabombe.fr\/wp-content\/uploads\/2021\/01\/A4-QRcode-768x1086.jpg 768w, https:\/\/cedlabombe.fr\/wp-content\/uploads\/2021\/01\/A4-QRcode-1086x1536.jpg 1086w, https:\/\/cedlabombe.fr\/wp-content\/uploads\/2021\/01\/A4-QRcode-1448x2048.jpg 1448w, https:\/\/cedlabombe.fr\/wp-content\/uploads\/2021\/01\/A4-QRcode-scaled.jpg 1810w\" sizes=\"100vw\" \/><\/a>\n\t\t\t<\/div><\/figure><figure class='gallery-item'>\n\t\t\t<div class='gallery-icon portrait'>\n\t\t\t\t<a href='https:\/\/cedlabombe.fr\/wp-content\/uploads\/2021\/01\/Affiche-ecole-sans-contact-scaled.jpg'><img width=\"525\" height=\"743\" src=\"https:\/\/cedlabombe.fr\/wp-content\/uploads\/2021\/01\/Affiche-ecole-sans-contact-724x1024.jpg\" class=\"attachment-large size-large\" alt=\"\" loading=\"lazy\" srcset=\"https:\/\/cedlabombe.fr\/wp-content\/uploads\/2021\/01\/Affiche-ecole-sans-contact-724x1024.jpg 724w, https:\/\/cedlabombe.fr\/wp-content\/uploads\/2021\/01\/Affiche-ecole-sans-contact-212x300.jpg 212w, https:\/\/cedlabombe.fr\/wp-content\/uploads\/2021\/01\/Affiche-ecole-sans-contact-768x1086.jpg 768w, https:\/\/cedlabombe.fr\/wp-content\/uploads\/2021\/01\/Affiche-ecole-sans-contact-1086x1536.jpg 1086w, https:\/\/cedlabombe.fr\/wp-content\/uploads\/2021\/01\/Affiche-ecole-sans-contact-1448x2048.jpg 1448w, https:\/\/cedlabombe.fr\/wp-content\/uploads\/2021\/01\/Affiche-ecole-sans-contact-scaled.jpg 1810w\" sizes=\"100vw\" \/><\/a>\n\t\t\t<\/div><\/figure><figure class='gallery-item'>\n\t\t\t<div class='gallery-icon landscape'>\n\t\t\t\t<a href='https:\/\/cedlabombe.fr\/wp-content\/uploads\/2021\/01\/QR-code-page-Mascarade.png'><img width=\"200\" height=\"200\" src=\"https:\/\/cedlabombe.fr\/wp-content\/uploads\/2021\/01\/QR-code-page-Mascarade.png\" class=\"attachment-large size-large\" alt=\"\" loading=\"lazy\" srcset=\"https:\/\/cedlabombe.fr\/wp-content\/uploads\/2021\/01\/QR-code-page-Mascarade.png 200w, https:\/\/cedlabombe.fr\/wp-content\/uploads\/2021\/01\/QR-code-page-Mascarade-150x150.png 150w, https:\/\/cedlabombe.fr\/wp-content\/uploads\/2021\/01\/QR-code-page-Mascarade-100x100.png 100w\" sizes=\"100vw\" \/><\/a>\n\t\t\t<\/div><\/figure>\n\t\t<\/div>\n\n<ul>\n<li>Cette page est disponible sur FB : <a href=\"https:\/\/www.facebook.com\/mascarade67\">Mascarade 67 | Facebook<\/a><\/li>\n<\/ul>\n<\/div>\n","protected":false},"excerpt":{"rendered":"<p>Pour la Sant\u00e9 de nos enfants. Contre le port du masque obligatoire \u00e0 l&rsquo;\u00e9cole. Centralisation d&rsquo;informations relatives aux masques \u00e0 l&rsquo;\u00e9cole, leur inutilit\u00e9 et leur nocivit\u00e9. Vous trouverez sur cette page : des articles parlant de la mobilisation de parents d&rsquo;\u00e9l\u00e8ves des articles sur les \u00e9tudes prouvant la nocivit\u00e9 des masques des documents juridiques \u00e0 &hellip; <\/p>\n<p class=\"link-more\"><a href=\"https:\/\/cedlabombe.fr\/?page_id=336\" class=\"more-link\">Continuer la lecture<span class=\"screen-reader-text\"> de &laquo;&nbsp;Mascarade 67&nbsp;&raquo;<\/span><\/a><\/p>\n","protected":false},"author":1,"featured_media":364,"parent":0,"menu_order":0,"comment_status":"closed","ping_status":"closed","template":"","meta":[],"_links":{"self":[{"href":"https:\/\/cedlabombe.fr\/index.php?rest_route=\/wp\/v2\/pages\/336"}],"collection":[{"href":"https:\/\/cedlabombe.fr\/index.php?rest_route=\/wp\/v2\/pages"}],"about":[{"href":"https:\/\/cedlabombe.fr\/index.php?rest_route=\/wp\/v2\/types\/page"}],"author":[{"embeddable":true,"href":"https:\/\/cedlabombe.fr\/index.php?rest_route=\/wp\/v2\/users\/1"}],"replies":[{"embeddable":true,"href":"https:\/\/cedlabombe.fr\/index.php?rest_route=%2Fwp%2Fv2%2Fcomments&post=336"}],"version-history":[{"count":25,"href":"https:\/\/cedlabombe.fr\/index.php?rest_route=\/wp\/v2\/pages\/336\/revisions"}],"predecessor-version":[{"id":512,"href":"https:\/\/cedlabombe.fr\/index.php?rest_route=\/wp\/v2\/pages\/336\/revisions\/512"}],"wp:featuredmedia":[{"embeddable":true,"href":"https:\/\/cedlabombe.fr\/index.php?rest_route=\/wp\/v2\/media\/364"}],"wp:attachment":[{"href":"https:\/\/cedlabombe.fr\/index.php?rest_route=%2Fwp%2Fv2%2Fmedia&parent=336"}],"curies":[{"name":"wp","href":"https:\/\/api.w.org\/{rel}","templated":true}]}}