{"id":232,"date":"2020-03-26T14:27:59","date_gmt":"2020-03-26T13:27:59","guid":{"rendered":"https:\/\/anarche.synology.me\/?page_id=232"},"modified":"2025-02-05T23:56:57","modified_gmt":"2025-02-05T22:56:57","slug":"home-studio-2020","status":"publish","type":"page","link":"https:\/\/cedlabombe.fr\/?page_id=232","title":{"rendered":"Home Studio 202X"},"content":{"rendered":"<h2>Un projet qui date<\/h2>\n<p>J&rsquo;ai commenc\u00e9 \u00e0 bidouiller la musique \u00e9lectronique d\u00e9but 1999-2000 avec la Roland MC-303 et la RM1x de Yamaha, puis le logiciel Fruityloops 2 (ou 3) sur PC. D&rsquo;ailleurs, la compo des <a href=\"https:\/\/soundcloud.com\/falcom-systematek\" target=\"_blank\" rel=\"noopener noreferrer\">tracks<\/a> sur <a href=\"https:\/\/www.discogs.com\/fr\/artist\/323300-Falcom\" target=\"_blank\" rel=\"noopener noreferrer\">les vinyles<\/a> s&rsquo;est faite exclusivement sur Fruityloops +VSTs.<\/p>\n<figure id=\"attachment_314\" aria-describedby=\"caption-attachment-314\" style=\"width: 150px\" class=\"wp-caption alignleft\"><a href=\"https:\/\/cedlabombe.fr\/wordpress\/wp-content\/uploads\/2020\/07\/Liveced2000.jpg\" target=\"_blank\" rel=\"noopener noreferrer\"><img loading=\"lazy\" class=\"wp-image-314 size-thumbnail\" src=\"https:\/\/cedlabombe.fr\/wordpress\/wp-content\/uploads\/2020\/07\/Liveced2000-150x150.jpg\" alt=\"\" width=\"150\" height=\"150\" srcset=\"https:\/\/cedlabombe.fr\/wp-content\/uploads\/2020\/07\/Liveced2000-150x150.jpg 150w, https:\/\/cedlabombe.fr\/wp-content\/uploads\/2020\/07\/Liveced2000-100x100.jpg 100w\" sizes=\"(max-width: 150px) 100vw, 150px\" \/><\/a><figcaption id=\"caption-attachment-314\" class=\"wp-caption-text\">Set-up courant 2000<\/figcaption><\/figure>\n<p>En parall\u00e8le, l&rsquo;accumulation de machines m&rsquo;a permis d&rsquo;apprendre doucement le bidouillage r\u00e9el de b\u00e9canes palpables.<\/p>\n<p>En qu\u00eate depuis.. 15 ans? d&rsquo;un s\u00e9quenceur central adapt\u00e9 (et son financement) pour piloter un parc de machines accumul\u00e9es depuis 20 ans, (cela devait \u00eatre une MV8800 de Roland, mais pour diverses raisons, le choix se portera finalement sur une MPC X<del><\/del>), mais au final, je vais pr\u00e9f\u00e9rer diversifier le s\u00e9quen\u00e7age sur plusieurs b\u00e9canes.<\/p>\n<p><img loading=\"lazy\" class=\"aligncenter size-full wp-image-295\" src=\"https:\/\/cedlabombe.fr\/wp-content\/uploads\/2020\/05\/mai2020.gif\" alt=\"\" width=\"320\" height=\"240\" \/><\/p>\n<h2>Remise en route<\/h2>\n<p>Un d\u00e9m\u00e9nagement en 2017 n&rsquo;\u00e9tait toujours pas r\u00e9ellement termin\u00e9. Il fallait trouver une place pour les machines, 2 m\u00b2 dans ma chambre \u00e9taient alors le dernier territoire inexplor\u00e9 et toujours <del>en bordel<\/del> pas conquis. Merci au confinement de Mars 2020 qui a permis la confection de meubles DIY sur mesure pour accueillir un renouveau du home studio laiss\u00e9 \u00e0 l&rsquo;abandon depuis bien des ann\u00e9es.<\/p>\n<p>Il a fallu s&rsquo;y remettre : c\u00e2bles \u00e0 racheter, d\u00e9poussi\u00e9rage\/nettoyage des machines avec soufflage au compresseur, remettre la main sur les notices d&rsquo;utilisation, le changement de la console de mixage qui a tr\u00e8s mal vieilli (Mackie 1604 VLZ) pour une b\u00e9cane choisie selon des crit\u00e8res bien pr\u00e9cis, en commen\u00e7ant par l&rsquo;encombrement, puis par un nombre de pistes r\u00e9\u00e9valu\u00e9 (Done!)<del><\/del><\/p>\n<p><img loading=\"lazy\" class=\"alignnone size-full wp-image-302\" src=\"https:\/\/cedlabombe.fr\/wordpress\/wp-content\/uploads\/2020\/05\/homestudio-mai2020.jpg\" alt=\"\" width=\"519\" height=\"734\" srcset=\"https:\/\/cedlabombe.fr\/wp-content\/uploads\/2020\/05\/homestudio-mai2020.jpg 519w, https:\/\/cedlabombe.fr\/wp-content\/uploads\/2020\/05\/homestudio-mai2020-212x300.jpg 212w\" sizes=\"(max-width: 519px) 100vw, 519px\" \/><\/p>\n<h2>Configuration courant mai 2020<\/h2>\n<ul>\n<li><strong>S\u00e9quenceurs<\/strong> : <em>MPC-X, Mode Machines SEQ-12, Polyend Seq<\/em><\/li>\n<li><strong>Synth\u00e9s<\/strong> : <em>Clavia Nordlead3, Futuretro Revolution, Behringer Neutron, Moog Minitaur<\/em><\/li>\n<li><strong>Bo\u00eetes \u00e0 rythmes<\/strong> : <em><span class=\"cmps-name\">Machinedrum SPS-1<\/span><\/em>, <em>Vermona DRM 1 MKIII<\/em>, <del><em>RM1X<\/em><br \/>\n<\/del><\/li>\n<li><strong>Console de mixage<\/strong> <em>Soundcraft LX-7 II 24<\/em> + quelques multi effets dont le <em>Shermann Filterbank<\/em> ou le <em>Digitech Valve FX<\/em> \u00e0 lampe + footswitch.<\/li>\n<\/ul>\n<p>Vu le peu d&rsquo;espace, r\u00e9flexion sur un patchbay jack\/midi optimal. #bordel #spaghetti<\/p>\n<p><img loading=\"lazy\" class=\"alignnone size-full wp-image-297\" src=\"https:\/\/cedlabombe.fr\/wordpress\/wp-content\/uploads\/2020\/05\/Cablage-audio-home-studio-2020.jpg\" alt=\"\" width=\"1098\" height=\"779\" srcset=\"https:\/\/cedlabombe.fr\/wp-content\/uploads\/2020\/05\/Cablage-audio-home-studio-2020.jpg 1098w, https:\/\/cedlabombe.fr\/wp-content\/uploads\/2020\/05\/Cablage-audio-home-studio-2020-300x213.jpg 300w, https:\/\/cedlabombe.fr\/wp-content\/uploads\/2020\/05\/Cablage-audio-home-studio-2020-1024x726.jpg 1024w, https:\/\/cedlabombe.fr\/wp-content\/uploads\/2020\/05\/Cablage-audio-home-studio-2020-768x545.jpg 768w\" sizes=\"(max-width: 767px) 89vw, (max-width: 1000px) 54vw, (max-width: 1071px) 543px, 580px\" \/><\/p>\n<p>&nbsp;<\/p>\n<p>Automne 2024, nouveau lieu de vie, nouveau Studio avec la place qui manquait. Le set up est d\u00e9finitivement orient\u00e9 LIVE \u00e0 100% : from scratch \u00e0 chaque d\u00e9marrage, b\u0153uf pure race lors de visite de potos tekno<\/p>\n<p><a href=\"https:\/\/cedlabombe.fr\/wp-content\/uploads\/2024\/12\/IMG_20241130_161123_119.jpg\"><img loading=\"lazy\" class=\"aligncenter size-full wp-image-514\" src=\"https:\/\/cedlabombe.fr\/wp-content\/uploads\/2024\/12\/IMG_20241130_161123_119.jpg\" alt=\"\" width=\"2276\" height=\"1280\" srcset=\"https:\/\/cedlabombe.fr\/wp-content\/uploads\/2024\/12\/IMG_20241130_161123_119.jpg 2276w, https:\/\/cedlabombe.fr\/wp-content\/uploads\/2024\/12\/IMG_20241130_161123_119-300x169.jpg 300w, https:\/\/cedlabombe.fr\/wp-content\/uploads\/2024\/12\/IMG_20241130_161123_119-1024x576.jpg 1024w, https:\/\/cedlabombe.fr\/wp-content\/uploads\/2024\/12\/IMG_20241130_161123_119-768x432.jpg 768w, https:\/\/cedlabombe.fr\/wp-content\/uploads\/2024\/12\/IMG_20241130_161123_119-1536x864.jpg 1536w, https:\/\/cedlabombe.fr\/wp-content\/uploads\/2024\/12\/IMG_20241130_161123_119-2048x1152.jpg 2048w\" sizes=\"(max-width: 767px) 89vw, (max-width: 1000px) 54vw, (max-width: 1071px) 543px, 580px\" \/><\/a><\/p>\n<p>2025, p\u00e9riode hivernale pay\u00e9 \u00e0 rester au studio, forc\u00e9ment, les lignes bougent;<br \/>\nL&rsquo;id\u00e9e redondante d&rsquo;installer un\/des patchbay a fait son temps, la mise en pratique est on\u00e9reuse, mais salvatrice et satisfaisante.<\/p>\n<p>Le midi aussi a eu son patchbay avec le <em>Conductive Labs MRCC. <\/em>Un pure r\u00e9gal, toute la configue midi peut se changer sans d\u00e9brancher\/rebrancher les cables&#8230;..<\/p>\n<p><img loading=\"lazy\" class=\"aligncenter size-full wp-image-520\" src=\"https:\/\/cedlabombe.fr\/wordpress\/wp-content\/uploads\/2025\/01\/Screenshot-2025-01-23-at-18-53-17-Conductive-Labs-MRCC-\u2013-Thomann-France.png\" alt=\"\" width=\"2581\" height=\"517\" srcset=\"https:\/\/cedlabombe.fr\/wp-content\/uploads\/2025\/01\/Screenshot-2025-01-23-at-18-53-17-Conductive-Labs-MRCC-\u2013-Thomann-France.png 2581w, https:\/\/cedlabombe.fr\/wp-content\/uploads\/2025\/01\/Screenshot-2025-01-23-at-18-53-17-Conductive-Labs-MRCC-\u2013-Thomann-France-300x60.png 300w, https:\/\/cedlabombe.fr\/wp-content\/uploads\/2025\/01\/Screenshot-2025-01-23-at-18-53-17-Conductive-Labs-MRCC-\u2013-Thomann-France-1024x205.png 1024w, https:\/\/cedlabombe.fr\/wp-content\/uploads\/2025\/01\/Screenshot-2025-01-23-at-18-53-17-Conductive-Labs-MRCC-\u2013-Thomann-France-768x154.png 768w, https:\/\/cedlabombe.fr\/wp-content\/uploads\/2025\/01\/Screenshot-2025-01-23-at-18-53-17-Conductive-Labs-MRCC-\u2013-Thomann-France-1536x308.png 1536w, https:\/\/cedlabombe.fr\/wp-content\/uploads\/2025\/01\/Screenshot-2025-01-23-at-18-53-17-Conductive-Labs-MRCC-\u2013-Thomann-France-2048x410.png 2048w\" sizes=\"(max-width: 767px) 89vw, (max-width: 1000px) 54vw, (max-width: 1071px) 543px, 580px\" \/><\/p>\n<p><a href=\"https:\/\/cedlabombe.fr\/wordpress\/wp-content\/uploads\/2025\/01\/homestudio25.jpg\"><img loading=\"lazy\" class=\"aligncenter size-full wp-image-521\" src=\"https:\/\/cedlabombe.fr\/wordpress\/wp-content\/uploads\/2025\/01\/homestudio25.jpg\" alt=\"\" width=\"2276\" height=\"1016\" srcset=\"https:\/\/cedlabombe.fr\/wp-content\/uploads\/2025\/01\/homestudio25.jpg 2276w, https:\/\/cedlabombe.fr\/wp-content\/uploads\/2025\/01\/homestudio25-300x134.jpg 300w, https:\/\/cedlabombe.fr\/wp-content\/uploads\/2025\/01\/homestudio25-1024x457.jpg 1024w, https:\/\/cedlabombe.fr\/wp-content\/uploads\/2025\/01\/homestudio25-768x343.jpg 768w, https:\/\/cedlabombe.fr\/wp-content\/uploads\/2025\/01\/homestudio25-1536x686.jpg 1536w, https:\/\/cedlabombe.fr\/wp-content\/uploads\/2025\/01\/homestudio25-2048x914.jpg 2048w\" sizes=\"(max-width: 767px) 89vw, (max-width: 1000px) 54vw, (max-width: 1071px) 543px, 580px\" \/><\/a><\/p>\n<p><a href=\"https:\/\/cedlabombe.fr\/wp-content\/uploads\/2025\/02\/Home-studio-plan-2025temp-2.png\"><img loading=\"lazy\" class=\"aligncenter size-large wp-image-551\" src=\"https:\/\/cedlabombe.fr\/wp-content\/uploads\/2025\/02\/Home-studio-plan-2025temp-2-1024x657.png\" alt=\"\" width=\"525\" height=\"337\" srcset=\"https:\/\/cedlabombe.fr\/wp-content\/uploads\/2025\/02\/Home-studio-plan-2025temp-2-1024x657.png 1024w, https:\/\/cedlabombe.fr\/wp-content\/uploads\/2025\/02\/Home-studio-plan-2025temp-2-300x192.png 300w, https:\/\/cedlabombe.fr\/wp-content\/uploads\/2025\/02\/Home-studio-plan-2025temp-2-768x493.png 768w, https:\/\/cedlabombe.fr\/wp-content\/uploads\/2025\/02\/Home-studio-plan-2025temp-2.png 1500w\" sizes=\"(max-width: 525px) 100vw, 525px\" \/><\/a><\/p>\n","protected":false},"excerpt":{"rendered":"<p>Un projet qui date J&rsquo;ai commenc\u00e9 \u00e0 bidouiller la musique \u00e9lectronique d\u00e9but 1999-2000 avec la Roland MC-303 et la RM1x de Yamaha, puis le logiciel Fruityloops 2 (ou 3) sur PC. D&rsquo;ailleurs, la compo des tracks sur les vinyles s&rsquo;est faite exclusivement sur Fruityloops +VSTs. En parall\u00e8le, l&rsquo;accumulation de machines m&rsquo;a permis d&rsquo;apprendre doucement le &hellip; <\/p>\n<p class=\"link-more\"><a href=\"https:\/\/cedlabombe.fr\/?page_id=232\" class=\"more-link\">Continuer la lecture<span class=\"screen-reader-text\"> de &laquo;&nbsp;Home Studio 202X&nbsp;&raquo;<\/span><\/a><\/p>\n","protected":false},"author":1,"featured_media":521,"parent":0,"menu_order":0,"comment_status":"closed","ping_status":"closed","template":"","meta":[],"_links":{"self":[{"href":"https:\/\/cedlabombe.fr\/index.php?rest_route=\/wp\/v2\/pages\/232"}],"collection":[{"href":"https:\/\/cedlabombe.fr\/index.php?rest_route=\/wp\/v2\/pages"}],"about":[{"href":"https:\/\/cedlabombe.fr\/index.php?rest_route=\/wp\/v2\/types\/page"}],"author":[{"embeddable":true,"href":"https:\/\/cedlabombe.fr\/index.php?rest_route=\/wp\/v2\/users\/1"}],"replies":[{"embeddable":true,"href":"https:\/\/cedlabombe.fr\/index.php?rest_route=%2Fwp%2Fv2%2Fcomments&post=232"}],"version-history":[{"count":36,"href":"https:\/\/cedlabombe.fr\/index.php?rest_route=\/wp\/v2\/pages\/232\/revisions"}],"predecessor-version":[{"id":555,"href":"https:\/\/cedlabombe.fr\/index.php?rest_route=\/wp\/v2\/pages\/232\/revisions\/555"}],"wp:featuredmedia":[{"embeddable":true,"href":"https:\/\/cedlabombe.fr\/index.php?rest_route=\/wp\/v2\/media\/521"}],"wp:attachment":[{"href":"https:\/\/cedlabombe.fr\/index.php?rest_route=%2Fwp%2Fv2%2Fmedia&parent=232"}],"curies":[{"name":"wp","href":"https:\/\/api.w.org\/{rel}","templated":true}]}}